{"id":229594,"date":"2023-07-31T19:50:59","date_gmt":"2023-07-31T19:50:59","guid":{"rendered":"https:\/\/matrexantinfortunistica.com\/index.php\/prodotto\/pantaloni-invernali-ad-alta-visibilita-pw3\/"},"modified":"2024-05-11T13:02:07","modified_gmt":"2024-05-11T13:02:07","slug":"pantaloni-invernali-ad-alta-visibilita-pw3","status":"publish","type":"product","link":"https:\/\/matrexantinfortunistica.com\/index.php\/prodotto\/pantaloni-invernali-ad-alta-visibilita-pw3\/","title":{"rendered":"Pantaloni invernali ad alta visibilit\u00e0 PW3"},"content":{"rendered":"<p>Pantalone invernale imbottito di alta qualit\u00e0 realizzato in resistente tessuto di poliestere Oxford 300D. Con una funzione zip off sul retro, la pettorina pu\u00f2 essere rimossa completamente per trasformarsi in un pantalone dimostrando la sua versatilit\u00e0 tot<\/p>\n<p>Dettagli<br \/>\nFinitura in tessuto resistente all&#8217;acqua, le gocce d&#8217;acqua si allontanano dalla superficie del tessuto<br \/>\n16 tasche ampie<br \/>\nBretelle staccabili per una maggiore versatilit\u00e0<br \/>\nTasche con fondina con cerniera per una maggiore versatilit\u00e0<br \/>\nApertura gamba con zip laterale per un facile accesso<br \/>\nInserti rinforzati nelle zone di maggior stress per la massima durata<br \/>\nCavallo rinforzato per ridurre la sollecitazione e prevenire il cedimento della giuntura<br \/>\nCavallo rinforzato per ridurre la sollecitazione e prevenire il cedimento della giuntura<br \/>\nTasche porta ginocchiere con apertura superiore per un accesso rapido e facile<br \/>\nAmpia tasca posteriore multiuso con zip<br \/>\nTasca porta metro<br \/>\nOrlo dalla forma ergonomica per una vestibilit\u00e0 perfetta con gli stivali<br \/>\nCuciture articolate per ulteriore sagomatura<br \/>\nCursori facili da impugnare collegati a tutte le cerniere<br \/>\n*Design registrato alla Comunit\u00e0 Europea<br \/>\nTasche laterali con zip<br \/>\nInserti in contrasto per una maggiore  protezione dallo sporco<br \/>\nElastici in vita per il massimo comfort<br \/>\nCertificato EN ISO 20471 per oltre 50 lavaggi<br \/>\nDoppie cuciture per una maggiore durata<br \/>\nPassanti pi\u00f9 larghi per cinture pi\u00f9 larghe<br \/>\nTasche cargo per facile accesso<br \/>\nImpermeabile per proteggere dagli agenti atmosferici<br \/>\nBanda riflettente HiVisTex Pro leggera e flessibile per una maggiore visibilit\u00e0<br \/>\nBanda riflettente segmentata termosaldata per una maggiore visibilit\u00e0<br \/>\nCertificato CE<br \/>\nTasca porta smart phone<br \/>\nIsolato con fodera Insulatex per calore e comfort<br \/>\nMarcato UKCA<br \/>\nTessuto classificato 40+ UPF per bloccare il 98% dei raggi UV<\/p>\n","protected":false},"excerpt":{"rendered":"<p><img loading=\"lazy\" loading=\"lazy\" decoding=\"async\" width=\"80\" height=\"80\" src=\"https:\/\/img.icons8.com\/officel\/80\/export-pdf.png\" alt=\"export-pdf\"\/><a href=\"https:\/\/documents.portwest.com\/datasheet.php?style=PW351&#038;lang=IT&#038;itemcol=PW351OBR\"target=\"_blank\">SCHEDA TECNICA<\/a><\/p>\n","protected":false},"featured_media":15626,"comment_status":"closed","ping_status":"open","template":"","meta":[],"etheme_brands":[],"product_brand":[],"product_cat":[2115,2128,3729],"product_tag":[3239],"class_list":{"0":"post-229594","1":"product","2":"type-product","3":"status-publish","4":"has-post-thumbnail","6":"product_cat-abbigliamento","7":"product_cat-alta-visibilita","8":"product_cat-pantaloni-alta-visibilita","9":"product_tag-pantaloni-invernali-ad-alta-visibilita-pw3","10":"pa_colore-arancione-nero","11":"pa_colore-giallo-nero","12":"pa_misura-4xl","13":"pa_misura-l","14":"pa_misura-m","15":"pa_misura-s","16":"pa_misura-xl","17":"pa_misura-xxl","18":"pa_misura-xxxl","19":"pa_misura-5xl","21":"first","22":"instock","23":"taxable","24":"shipping-taxable","25":"purchasable","26":"product-type-variable","27":"has-default-attributes"},"yoast_head":"<!-- This site is optimized with the Yoast SEO plugin v26.1.1 - https:\/\/yoast.com\/wordpress\/plugins\/seo\/ -->\n<title>Pantaloni invernali ad alta visibilit\u00e0 PW3 - MATREX ABBIGLIAMENTO LAVORO E SICUREZZA<\/title>\n<meta name=\"robots\" content=\"index, follow, max-snippet:-1, max-image-preview:large, max-video-preview:-1\" \/>\n<link rel=\"canonical\" href=\"https:\/\/matrexantinfortunistica.com\/index.php\/prodotto\/pantaloni-invernali-ad-alta-visibilita-pw3\/\" \/>\n<meta property=\"og:locale\" content=\"it_IT\" \/>\n<meta property=\"og:type\" content=\"article\" \/>\n<meta property=\"og:title\" content=\"Pantaloni invernali ad alta visibilit\u00e0 PW3 - MATREX ABBIGLIAMENTO LAVORO E SICUREZZA\" \/>\n<meta property=\"og:description\" content=\"SCHEDA TECNICA\" \/>\n<meta property=\"og:url\" content=\"https:\/\/matrexantinfortunistica.com\/index.php\/prodotto\/pantaloni-invernali-ad-alta-visibilita-pw3\/\" \/>\n<meta property=\"og:site_name\" content=\"MATREX ABBIGLIAMENTO LAVORO E SICUREZZA\" \/>\n<meta property=\"article:modified_time\" content=\"2024-05-11T13:02:07+00:00\" \/>\n<meta property=\"og:image\" content=\"https:\/\/matrexantinfortunistica.com\/wp-content\/uploads\/2023\/06\/PW351OBR.jpg\" \/>\n\t<meta property=\"og:image:width\" content=\"1100\" \/>\n\t<meta property=\"og:image:height\" content=\"1100\" \/>\n\t<meta property=\"og:image:type\" content=\"image\/jpeg\" \/>\n<meta name=\"twitter:card\" content=\"summary_large_image\" \/>\n<meta name=\"twitter:label1\" content=\"Tempo di lettura stimato\" \/>\n\t<meta name=\"twitter:data1\" content=\"1 minuto\" \/>\n<script type=\"application\/ld+json\" class=\"yoast-schema-graph\">{\"@context\":\"https:\/\/schema.org\",\"@graph\":[{\"@type\":\"WebPage\",\"@id\":\"https:\/\/matrexantinfortunistica.com\/index.php\/prodotto\/pantaloni-invernali-ad-alta-visibilita-pw3\/\",\"url\":\"https:\/\/matrexantinfortunistica.com\/index.php\/prodotto\/pantaloni-invernali-ad-alta-visibilita-pw3\/\",\"name\":\"Pantaloni invernali ad alta visibilit\u00e0 PW3 - MATREX ABBIGLIAMENTO LAVORO E SICUREZZA\",\"isPartOf\":{\"@id\":\"https:\/\/matrexantinfortunistica.com\/#website\"},\"primaryImageOfPage\":{\"@id\":\"https:\/\/matrexantinfortunistica.com\/index.php\/prodotto\/pantaloni-invernali-ad-alta-visibilita-pw3\/#primaryimage\"},\"image\":{\"@id\":\"https:\/\/matrexantinfortunistica.com\/index.php\/prodotto\/pantaloni-invernali-ad-alta-visibilita-pw3\/#primaryimage\"},\"thumbnailUrl\":\"https:\/\/matrexantinfortunistica.com\/wp-content\/uploads\/2023\/06\/PW351OBR.jpg\",\"datePublished\":\"2023-07-31T19:50:59+00:00\",\"dateModified\":\"2024-05-11T13:02:07+00:00\",\"breadcrumb\":{\"@id\":\"https:\/\/matrexantinfortunistica.com\/index.php\/prodotto\/pantaloni-invernali-ad-alta-visibilita-pw3\/#breadcrumb\"},\"inLanguage\":\"it-IT\",\"potentialAction\":[{\"@type\":\"ReadAction\",\"target\":[\"https:\/\/matrexantinfortunistica.com\/index.php\/prodotto\/pantaloni-invernali-ad-alta-visibilita-pw3\/\"]}]},{\"@type\":\"ImageObject\",\"inLanguage\":\"it-IT\",\"@id\":\"https:\/\/matrexantinfortunistica.com\/index.php\/prodotto\/pantaloni-invernali-ad-alta-visibilita-pw3\/#primaryimage\",\"url\":\"https:\/\/matrexantinfortunistica.com\/wp-content\/uploads\/2023\/06\/PW351OBR.jpg\",\"contentUrl\":\"https:\/\/matrexantinfortunistica.com\/wp-content\/uploads\/2023\/06\/PW351OBR.jpg\",\"width\":1100,\"height\":1100},{\"@type\":\"BreadcrumbList\",\"@id\":\"https:\/\/matrexantinfortunistica.com\/index.php\/prodotto\/pantaloni-invernali-ad-alta-visibilita-pw3\/#breadcrumb\",\"itemListElement\":[{\"@type\":\"ListItem\",\"position\":1,\"name\":\"Home\",\"item\":\"https:\/\/matrexantinfortunistica.com\/\"},{\"@type\":\"ListItem\",\"position\":2,\"name\":\"Shop\",\"item\":\"https:\/\/matrexantinfortunistica.com\/index.php\/shop\/\"},{\"@type\":\"ListItem\",\"position\":3,\"name\":\"Pantaloni invernali ad alta visibilit\u00e0 PW3\"}]},{\"@type\":\"WebSite\",\"@id\":\"https:\/\/matrexantinfortunistica.com\/#website\",\"url\":\"https:\/\/matrexantinfortunistica.com\/\",\"name\":\"MATREX ABBIGLIAMENTO LAVORO E SICUREZZA\",\"description\":\"SCARPE E ACCESSORI PER INFORTUNIO\",\"potentialAction\":[{\"@type\":\"SearchAction\",\"target\":{\"@type\":\"EntryPoint\",\"urlTemplate\":\"https:\/\/matrexantinfortunistica.com\/?s={search_term_string}\"},\"query-input\":{\"@type\":\"PropertyValueSpecification\",\"valueRequired\":true,\"valueName\":\"search_term_string\"}}],\"inLanguage\":\"it-IT\"}]}<\/script>\n<!-- \/ Yoast SEO plugin. -->","yoast_head_json":{"title":"Pantaloni invernali ad alta visibilit\u00e0 PW3 - MATREX ABBIGLIAMENTO LAVORO E SICUREZZA","robots":{"index":"index","follow":"follow","max-snippet":"max-snippet:-1","max-image-preview":"max-image-preview:large","max-video-preview":"max-video-preview:-1"},"canonical":"https:\/\/matrexantinfortunistica.com\/index.php\/prodotto\/pantaloni-invernali-ad-alta-visibilita-pw3\/","og_locale":"it_IT","og_type":"article","og_title":"Pantaloni invernali ad alta visibilit\u00e0 PW3 - MATREX ABBIGLIAMENTO LAVORO E SICUREZZA","og_description":"SCHEDA TECNICA","og_url":"https:\/\/matrexantinfortunistica.com\/index.php\/prodotto\/pantaloni-invernali-ad-alta-visibilita-pw3\/","og_site_name":"MATREX ABBIGLIAMENTO LAVORO E SICUREZZA","article_modified_time":"2024-05-11T13:02:07+00:00","og_image":[{"width":1100,"height":1100,"url":"https:\/\/matrexantinfortunistica.com\/wp-content\/uploads\/2023\/06\/PW351OBR.jpg","type":"image\/jpeg"}],"twitter_card":"summary_large_image","twitter_misc":{"Tempo di lettura stimato":"1 minuto"},"schema":{"@context":"https:\/\/schema.org","@graph":[{"@type":"WebPage","@id":"https:\/\/matrexantinfortunistica.com\/index.php\/prodotto\/pantaloni-invernali-ad-alta-visibilita-pw3\/","url":"https:\/\/matrexantinfortunistica.com\/index.php\/prodotto\/pantaloni-invernali-ad-alta-visibilita-pw3\/","name":"Pantaloni invernali ad alta visibilit\u00e0 PW3 - MATREX ABBIGLIAMENTO LAVORO E SICUREZZA","isPartOf":{"@id":"https:\/\/matrexantinfortunistica.com\/#website"},"primaryImageOfPage":{"@id":"https:\/\/matrexantinfortunistica.com\/index.php\/prodotto\/pantaloni-invernali-ad-alta-visibilita-pw3\/#primaryimage"},"image":{"@id":"https:\/\/matrexantinfortunistica.com\/index.php\/prodotto\/pantaloni-invernali-ad-alta-visibilita-pw3\/#primaryimage"},"thumbnailUrl":"https:\/\/matrexantinfortunistica.com\/wp-content\/uploads\/2023\/06\/PW351OBR.jpg","datePublished":"2023-07-31T19:50:59+00:00","dateModified":"2024-05-11T13:02:07+00:00","breadcrumb":{"@id":"https:\/\/matrexantinfortunistica.com\/index.php\/prodotto\/pantaloni-invernali-ad-alta-visibilita-pw3\/#breadcrumb"},"inLanguage":"it-IT","potentialAction":[{"@type":"ReadAction","target":["https:\/\/matrexantinfortunistica.com\/index.php\/prodotto\/pantaloni-invernali-ad-alta-visibilita-pw3\/"]}]},{"@type":"ImageObject","inLanguage":"it-IT","@id":"https:\/\/matrexantinfortunistica.com\/index.php\/prodotto\/pantaloni-invernali-ad-alta-visibilita-pw3\/#primaryimage","url":"https:\/\/matrexantinfortunistica.com\/wp-content\/uploads\/2023\/06\/PW351OBR.jpg","contentUrl":"https:\/\/matrexantinfortunistica.com\/wp-content\/uploads\/2023\/06\/PW351OBR.jpg","width":1100,"height":1100},{"@type":"BreadcrumbList","@id":"https:\/\/matrexantinfortunistica.com\/index.php\/prodotto\/pantaloni-invernali-ad-alta-visibilita-pw3\/#breadcrumb","itemListElement":[{"@type":"ListItem","position":1,"name":"Home","item":"https:\/\/matrexantinfortunistica.com\/"},{"@type":"ListItem","position":2,"name":"Shop","item":"https:\/\/matrexantinfortunistica.com\/index.php\/shop\/"},{"@type":"ListItem","position":3,"name":"Pantaloni invernali ad alta visibilit\u00e0 PW3"}]},{"@type":"WebSite","@id":"https:\/\/matrexantinfortunistica.com\/#website","url":"https:\/\/matrexantinfortunistica.com\/","name":"MATREX ABBIGLIAMENTO LAVORO E SICUREZZA","description":"SCARPE E ACCESSORI PER INFORTUNIO","potentialAction":[{"@type":"SearchAction","target":{"@type":"EntryPoint","urlTemplate":"https:\/\/matrexantinfortunistica.com\/?s={search_term_string}"},"query-input":{"@type":"PropertyValueSpecification","valueRequired":true,"valueName":"search_term_string"}}],"inLanguage":"it-IT"}]}},"_links":{"self":[{"href":"https:\/\/matrexantinfortunistica.com\/index.php\/wp-json\/wp\/v2\/product\/229594","targetHints":{"allow":["GET"]}}],"collection":[{"href":"https:\/\/matrexantinfortunistica.com\/index.php\/wp-json\/wp\/v2\/product"}],"about":[{"href":"https:\/\/matrexantinfortunistica.com\/index.php\/wp-json\/wp\/v2\/types\/product"}],"replies":[{"embeddable":true,"href":"https:\/\/matrexantinfortunistica.com\/index.php\/wp-json\/wp\/v2\/comments?post=229594"}],"version-history":[{"count":3,"href":"https:\/\/matrexantinfortunistica.com\/index.php\/wp-json\/wp\/v2\/product\/229594\/revisions"}],"predecessor-version":[{"id":239221,"href":"https:\/\/matrexantinfortunistica.com\/index.php\/wp-json\/wp\/v2\/product\/229594\/revisions\/239221"}],"wp:featuredmedia":[{"embeddable":true,"href":"https:\/\/matrexantinfortunistica.com\/index.php\/wp-json\/wp\/v2\/media\/15626"}],"wp:attachment":[{"href":"https:\/\/matrexantinfortunistica.com\/index.php\/wp-json\/wp\/v2\/media?parent=229594"}],"wp:term":[{"taxonomy":"brand","embeddable":true,"href":"https:\/\/matrexantinfortunistica.com\/index.php\/wp-json\/wp\/v2\/etheme_brands?post=229594"},{"taxonomy":"product_brand","embeddable":true,"href":"https:\/\/matrexantinfortunistica.com\/index.php\/wp-json\/wp\/v2\/product_brand?post=229594"},{"taxonomy":"product_cat","embeddable":true,"href":"https:\/\/matrexantinfortunistica.com\/index.php\/wp-json\/wp\/v2\/product_cat?post=229594"},{"taxonomy":"product_tag","embeddable":true,"href":"https:\/\/matrexantinfortunistica.com\/index.php\/wp-json\/wp\/v2\/product_tag?post=229594"}],"curies":[{"name":"wp","href":"https:\/\/api.w.org\/{rel}","templated":true}]}}